{"version":"1.0","provider_name":"Home","provider_url":"http:\/\/www.bioleft.org\/en\/","author_name":"Florencia Chena","author_url":"http:\/\/www.bioleft.org\/en\/author\/florch\/","title":"Guardianes de las semillas - Bioleft","type":"rich","width":600,"height":338,"html":"<blockquote class=\"wp-embedded-content\" data-secret=\"yRfgfOkrrE\"><a href=\"http:\/\/www.bioleft.org\/en\/2019\/03\/07\/guardianes-de-las-semillas\/\">Guardianes de las semillas<\/a><\/blockquote><iframe sandbox=\"allow-scripts\" security=\"restricted\" src=\"http:\/\/www.bioleft.org\/en\/2019\/03\/07\/guardianes-de-las-semillas\/embed\/#?secret=yRfgfOkrrE\" width=\"600\" height=\"338\" title=\"&#8220;Guardianes de las semillas&#8221; &#8212; Bioleft\" data-secret=\"yRfgfOkrrE\" frameborder=\"0\" marginwidth=\"0\" marginheight=\"0\" scrolling=\"no\" class=\"wp-embedded-content\"><\/iframe><script type=\"text\/javascript\">\n\/* <![CDATA[ *\/\n\/*! This file is auto-generated *\/\n!function(d,l){\"use strict\";l.querySelector&&d.addEventListener&&\"undefined\"!=typeof URL&&(d.wp=d.wp||{},d.wp.receiveEmbedMessage||(d.wp.receiveEmbedMessage=function(e){var t=e.data;if((t||t.secret||t.message||t.value)&&!\/[^a-zA-Z0-9]\/.test(t.secret)){for(var s,r,n,a=l.querySelectorAll('iframe[data-secret=\"'+t.secret+'\"]'),o=l.querySelectorAll('blockquote[data-secret=\"'+t.secret+'\"]'),c=new RegExp(\"^https?:$\",\"i\"),i=0;i<o.length;i++)o[i].style.display=\"none\";for(i=0;i<a.length;i++)s=a[i],e.source===s.contentWindow&&(s.removeAttribute(\"style\"),\"height\"===t.message?(1e3<(r=parseInt(t.value,10))?r=1e3:~~r<200&&(r=200),s.height=r):\"link\"===t.message&&(r=new URL(s.getAttribute(\"src\")),n=new URL(t.value),c.test(n.protocol))&&n.host===r.host&&l.activeElement===s&&(d.top.location.href=t.value))}},d.addEventListener(\"message\",d.wp.receiveEmbedMessage,!1),l.addEventListener(\"DOMContentLoaded\",function(){for(var e,t,s=l.querySelectorAll(\"iframe.wp-embedded-content\"),r=0;r<s.length;r++)(t=(e=s[r]).getAttribute(\"data-secret\"))||(t=Math.random().toString(36).substring(2,12),e.src+=\"#?secret=\"+t,e.setAttribute(\"data-secret\",t)),e.contentWindow.postMessage({message:\"ready\",secret:t},\"*\")},!1)))}(window,document);\n\/* ]]> *\/\n<\/script>","thumbnail_url":"https:\/\/www.bioleft.org\/wp-content\/uploads\/2019\/03\/tomate1.jpg","thumbnail_width":1080,"thumbnail_height":598,"description":"Un grupo de investigadores trabaja en la recuperaci\u00f3n de m\u00e1s 150 variedades de tomate. Este fin de semana se degustar\u00e1n en la Feria del Productor al Consumidor en la Facultad de Agronom\u00eda. Nota de Vanina Lombardi para Agencia TSS."}

Un grupo de investigadores trabaja en la recuperación de más 150 variedades de tomate. Este fin de semana se degustarán en la Feria del Productor al Consumidor en la Facultad de Agronomía. Nota de Vanina Lombardi para Agencia TSS.
